+ 2 = r. Let x(w) = w**2 + 7*w + 3. Determine x(o).
-7
Let s(u) = -3*u + 1. Let c(j) = j**3 + 3*j**2 + j. Suppose -6*f + 5 = -5*f + 3*w, 0 = f - w - 1. Let b(d) = -d. Let q be b(f). Let y be c(q). Determine s(y).
-5
Let g(d) = -d**2 + 3*d + 5. Suppose -4*j + 3*j = 0. Suppose j = c - 1 - 4. Suppose 4*i - c*i + 4 = 0. Determine g(i).
1
Let g(q) = 2*q + 5. Let b be ((-12)/(-10))/((-9)/45). Give g(b).
-7
Let g(s) = -s**2 - 9*s - 7. Let o(r) = 25 + 17*r + r - 10 + r + 2*r**2. Let b(f) = 9*g(f) + 4*o(f). Calculate b(-5).
-3
Let w be 1/((-4)/(-6) - 1). Let u(d) = -d**2 - 2*d + 2. What is u(w)?
-1
Suppose 58 = 4*a - 0*a + 2*o, -3*o + 63 = 4*a. Suppose a + 0 = -2*j. Let n(p) = p**2 + 4*p - 5. Determine n(j).
7
Let l(w) = -w**2 - 6*w - 6. Suppose 0 = z - 5*j - 11, 2*j - 14 = 5*z - 0. Let c be (-4)/z*-5 - -1. What is l(c)?
2
Let g(o) = -o**3 + 3*o + 3. Suppose 5*a - 2 = 13. Calculate g(a).
-15
Let q(v) = -v**2 - 4*v + 5. Let n be q(-4). Let x(c) = 3*c**2 + 3*c + 7. Let j(z) = -2*z**2 - 3*z - 6. Let s(h) = 4*j(h) + 3*x(h). Determine s(n).
7
Let w(i) = -i + 1. Let c(z) = -7*z - 3. Let g(t) = -c(t) + w(t). Calculate g(-5).
-26
Let t = 0 + -3. Let k(j) = 0*j - 7*j - 4 + 50*j**2 + 3*j + 55*j**2 - 106*j**2. What is k(t)?
-1
Let k(t) be the third derivative of -t**6/120 - t**5/60 - t**4/24 - t**3/3 + 2*t**2. Suppose -4*y = -y + 6. Give k(y).
4
Let o(f) = -7*f**3 - 12*f**2 - 7*f - 11. Let r(d) = 15*d**3 + 25*d**2 + 14*d + 23. Let c(t) = -13*o(t) - 6*r(t). Suppose 5*l + 12 + 13 = 0. Determine c(l).
-5
Let s(b) = -2*b - 4. Let q(r) = 3*r + 5. Let v(u) = 3*q(u) + 4*s(u). Suppose 3*t + 27 = 3*f, -2*f + 48 = -5*t + 18. Let l be -3 + f + 1 + 2. What is v(l)?
4
Let b(u) = -u**2 - 5*u + 1. Let c be b(-6). Let n(y) = y**2 + 4*y + 5. Calculate n(c).
10
Let d(t) = 2*t + 2. Suppose 6*g + 5*q = 3*g + 30, -25 = -2*g - 5*q. Calculate d(g).
12
Suppose -15 = -4*v - 47. Let t = v + 16. Let z(d) = 3*d**2 - 4*d**2 - t + 1. What is z(0)?
-7
Suppose -u - 2*u = -2*a - 22, 0 = -u - 3*a - 11. Suppose u = 2*d - 6. Let k(l) = -2*l + 85*l**2 + 90*l**2 - 3 - 174*l**2 - l. What is k(d)?
7
Let z(k) = 0*k - 1 + 3 - 3*k + 4*k. Calculate z(3).
5
Let m be 2 + -1 + -1 + -5. Let c(t) = -3*t**2 + 8*t - 7. Let o(v) = -v**2 + v - 1. Let z(u) = -c(u) + 4*o(u). Give z(m).
-2
Let v(q) = 12 - q**2 - 36*q - 4 - 36*q + 71*q. Suppose 5*y - n - 6 = -2, -2*y = 5*n + 20. Determine v(y).
8
Let h(c) = -c**2 + 2*c - 2. Let d be ((-45)/(-6))/5*2. What is h(d)?
-5
Let d(t) be the first derivative of -t**6/120 + t**5/12 + t**4/4 + 3*t**2 - 9. Let f(v) be the second derivative of d(v). What is f(6)?
0
Let o(i) = -i**2 - 3*i. Let y = -10 + 7. Let u(f) = -f**3 - 5*f**2 - 4*f + 1. Let s be u(y). What is o(s)?
-10
Let i(n) = -2*n - 3*n**2 + 3 - 2*n + 0*n + 4*n**2. Determine i(3).
0
Suppose -4*i = -4*c + 36, -8 - 44 = 4*i + 4*c. Let u be 8/44 + (-97)/i. Let l = u + -3. Let z(y) = -y**2 + 6*y - 3. Calculate z(l).
-3
Let n be (3 + -1 - -2) + -2. Suppose -2*i - 3*i - 4*d = 14, -n*d - 12 = 5*i. Let z(g) = -g + 6*g - 2*g. Determine z(i).
-6
Let t(o) = 5*o - 9. Let z(j) = -11*j + 20. Let w(k) = -9*t(k) - 4*z(k). What is w(-1)?
2
Let z = -26 + 22. Let a(t) = -2*t - 4. Give a(z).
4
Suppose 6 = -3*a - q, -2*a + 3*q + 6 = a. Let w(l) = 8*l**3 + l. Determine w(a).
-9
Let q(d) = -3*d + 13. Let f be q(11). Let j = f + 20. Let c(o) = o**3 + o**2 - o - 4. Calculate c(j).
-4
Suppose 0 = 4*b - 2 + 22. Let a(m) = -2*m - 7. Give a(b).
3
Let z(t) = -t + t**2 + 0*t**3 - 2*t**3 + t**3 + 4. Suppose -w = 3*w. Give z(w).
4
Let y(g) be the first derivative of -g**4/4 - 7*g**3/3 + 5*g**2 - 4*g + 9. Determine y(-8).
-20
Let i(j) = j**2 - 4*j. Let c(t) = -2*t. Let k be c(-3). Let b be (-2 - -4) + k/2. Determine i(b).
5
Let v(s) be the first derivative of s**3/3 + s**2/2 - 5*s - 7. Determine v(0).
-5
Let t(f) = 2*f + 8. Suppose -36*b = -33*b + 18. What is t(b)?
-4
Suppose 3*d - 2*m = 11, -4*d + 13 = -5*m - 4. Let g(x) = -4*x**d + 2*x**3 - 1 + x**3. Let b be ((-1)/3*1)/((-5)/(-15)). Determine g(b).
0
Let f(p) be the third derivative of p**4/24 - p**3/3 - 28*p**2. Determine f(8).
6
Let y(i) = -i**2 - 7*i + 9. Let z(n) = -n**2 - 3*n + 4. Let u(r) = 4*y(r) - 9*z(r). What is u(-1)?
6
Suppose i + 2*i = -5*c, 0 = 4*c + 3*i. Let p be ((-3)/9)/(1/(-9)). Let r(k) = -k**3 + 4*k**p - 4*k**3 - 5. Determine r(c).
-5
Suppose -3*a = -31 + 25. Let o(f) be the first derivative of 2/3*f**3 - 5/2*f**a - 2 + 2*f. Determine o(3).
5
Let a(s) = -5 + 6 + 2*s**3 + 2*s**2 + 2*s + 2*s - 2*s. What is a(-1)?
-1
Let h(m) = 3*m**2 + 6*m - 4. Let o(r) be the second derivative of r**4/12 + r**3/6 + 3*r. Let x(u) = -h(u) + 2*o(u). What is x(-4)?
4
Let l(p) be the first derivative of p**5/20 - 5*p**4/12 - p**3/6 - p**2/2 + 8*p + 10. Let s(d) be the first derivative of l(d). Let a = 1 + 4. Determine s(a).
-6
Let u(w) = 4*w**3 - 5*w**2 + 5*w - 4. Let h(a) = -5*a**3 + 6*a**2 - 6*a + 5. Let d(l) = 3*h(l) + 4*u(l). What is d(1)?
0
Let t(b) = -b**3 + 6*b**2 + 5*b + 5. Let u(y) = y**3 - y**2 - y. Let p(m) = -t(m) - 2*u(m). Let c(r) = -r + 4. Let f be c(8). Give p(f).
7
Let t(j) be the third derivative of -j**6/120 + 7*j**5/60 - j**4/12 + 3*j**3/2 - 16*j**2. What is t(7)?
-5
Let d(y) = y**2 - 2*y + 2. Let u(k) = -2*k**2 + 3*k - 5. Let z(b) = 7*d(b) + 3*u(b). Let f(v) = -v - 3. Let x = 1 + -8. Let o be f(x). Determine z(o).
-5
Let k(a) be the third derivative of -a**6/20 + a**4/12 - a**3/6 - a**2. Let t = -7 - -8. What is k(t)?
-5
Let l(q) be the second derivative of 1/6*q**3 + 0 + 1/24*q**4 + 3*q - 3/2*q**2. Let s(z) be the first derivative of l(z). Give s(5).
6
Suppose -4*x + p - 19 + 7 = 0, -5*x = -p + 15. Let f(y) = 2*y**2 + 3*y - 4. Calculate f(x).
5
Suppose -4*r - 7 = 1. Let t(g) be the first derivative of 2*g**3/3 - g**2/2 - 2*g + 5. Give t(r).
8
Let o(z) = -3*z**3 + 4*z**3 + 3 + 54*z - 1 - 53*z. What is o(2)?
12
Let b(d) = -d**3 - 7*d**2 - 6*d + 4. Let q be b(-6). Let r(t) = 10*t - 6*t - 2 - 6*t + 8. Determine r(q).
-2
Let s(r) = -r**2 + 8*r - 1. Let t be s(6). Let p = -8 + t. Suppose -p + 1 = -2*f. Let q(k) = 3*k. Give q(f).
3
Let y be (-5)/15 + (-26)/(-6). Let d(i) = -4 + i + y*i**2 + i**2 + 3. What is d(1)?
5
Let i(n) = -2 + 0 - 5*n + 3*n. Give i(4).
-10
Suppose 0 = -2*u + r + 1, u + 3*r = -0*r + 18. Let g = -2 + 5. Let d(f) = -f**3 + 3*f - f**3 + 3*f**3 + g - 4*f**2. Calculate d(u).
3
Let j(g) = g**2 - g. Let f(n) = 6*n + 1. Let r be 5/(-25) - 42/(-10). Suppose r*m = 2*l, 0 = -l - 2*l + 4*m + 4. Let b(o) = l*j(o) + f(o). Give b(-1).
3
Let k(y) = -y - 7. Let j(g) = 3*g - 5. Let u be j(8). Let s = 16 - u. What is k(s)?
-4
Suppose 4*v - 6*s - 60 = -3*s, 0 = -5*v + 2*s + 68. Let u(h) = 6*h**2 + 2 + v - 5*h**2. Calculate u(0).
14
Let x(q) = 2*q + 5*q - 7*q**2 - q**3 + 232 - 232. Determine x(-8).
8
Let u(c) = -4*c**3 - 4*c**2 + 7. Let f(t) = -t**3 - t**2. Let i be -4 - (0 + -7 + 4). Let w(n) = i*u(n) + 3*f(n). What is w(0)?
-7
Let a = -17 - -12. Let r(d) = d**3 + 5*d**2 + 3*d + 5. Give r(a).
-10
Let c be (0/4)/(-2) + 3. Let u(b) = 4*b**2 + 5*b - 4. Let f(v) = -5*v**2 - 5*v + 3. Let l(r) = c*f(r) + 4*u(r). Determine l(-5).
-7
Let l(p) = -7 - 6*p - 7*p + 17*p - 7*p**2. Let z(i) = 8*i**2 - 5*i + 8. Let k(a) = -7*l(a) - 6*z(a). Determine k(-3).
4
Suppose -j = -6*j + y + 136, -4*y + 156 = 5*j. Suppose -31 = -3*z - 5*i, -z = 3*z + 4*i - j. Let k(n) = 4 - 5 + n + n. Calculate k(z).
3
Let j(n) = -10*n**2 - 1 - 3 + n**3 + 5*n**2. Let h be j(5). Let t be 9*1*h/(-12). Let u(y) = y + 2. Calculate u(t).
5
Let w be (9/(-3) - -1) + 5. Let o(i) = 5*i - 4 - 3*i - i**2 - i**w - i. Let k be (-2 + 2)*(-2)/(-4). What is o(k)?
-4
Let f be 6/5*(-90)/(-18). Let s(g) be the third derivative of g**4/24 + g**3/6 + g**2. Calculate s(f).
7
Let z(d) = -d**2 - 8*d + 12. Let c be -1 + 3 - (9 - -2). Let v be z(c). Let r(n) = 2*n + 4. What is r(v)?
10
Let k(j) = j**2 - 7. Let w(o) = o**2 - 6. Let l(y) = 2*k(y) - 3*w(y). Determine l(0).
4
Let g(v) = 8*v**3 + 2*v**2 + 2*v + 1. Suppose 5*d - 14 = 1. Suppose -d*a - 8*w = -3*w + 13, -4*a = -4*w - 4. Give g(a).
-7
Let o(s) = s**2 - 6*s - 1. Let i(f) = 6*f**2 - 2*f + 2. Let w be i(1). Determine o(w).
-1
Let l(c) = 4*c**2 + 6*c + 3. Let y(x) = -11*x**2 - 18*x - 9. Let u(w) = 8*l(w) + 3*y(w). Let n = -19 + 10. Let i = n - -5. Give u(i).
5
Let w(y) = -y**3 - 4*y**2 - 1. Let p be